7 = h - o, -g*h - 133 = -10*h - o. What is the remainder when h is divided by 35?
10
Suppose 0*o + 2*o = 40. Suppose -108*d + 109*d - 65 = 0. Suppose -o*j = -7*j - d. Calculate the remainder when 9 is divided by j.
4
Calculate the remainder when 260 is divided by 4 - (16/(-2) + 8)/5.
0
Suppose 47*v + 4800 = 111*v. Calculate the remainder when 448 is divided by v.
73
Let w = 8690 + -6164. What is the remainder when w is divided by 838?
12
Let h be -2 - ((-2)/(-8) + (-46)/(-8)). Let u(i) = i**2 + 7*i + 12. What is the remainder when (-165)/(-6)*-2*-1 is divided by u(h)?
15
Suppose 517 = 15*y - 1403. Let h = -102 + y. Calculate the remainder when h is divided by 4.
2
Suppose w - 7 = -3*b, -53*b - 29 = -3*w - 58*b. Suppose 0 = -w*l + 7 + 175. Let z = 70 + 52. Calculate the remainder when z is divided by l.
10
Let v = 89 - 84. Let u(h) = -v*h + 2*h + 4*h + 13 + 31. What is the remainder when u(-11) is divided by 9?
6
Suppose -84245 = 159*i - 102184 - 140743. What is the remainder when 2998 is divided by i?
4
Let o = -17186 - -17223. Calculate the remainder when 4326 is divided by o.
34
Let q = 2455 + -1518. Calculate the remainder when 3748 is divided by q.
0
Let o(a) = 2*a - 8. Suppose -d + 2*n = -20, 7*d - 3*d = 2*n + 68. Let l be o(d). Suppose 72 + l = 6*x. Calculate the remainder when 63 is divided by x.
15
Let l = -510 + 798. Calculate the remainder when l is divided by 279.
9
Suppose -158*o - 95*o + 519156 = 0. Calculate the remainder when o is divided by 684.
0
Suppose -24*n + 13*n + 9*n = -6. Calculate the remainder when 2 + (0 - 7*-2) is divided by n.
1
Let d = 75 + -70. Suppose -d*z - y + 4*y - 5 = 0, -1 = z + y. Calculate the remainder when z*(-104 + 1) - -3 is divided by 22.
18
Suppose 7*i = 135 - 604. Let x = 164 + i. What is the remainder when x is divided by 25?
22
Suppose 19*d + 1998 = -19377. Calculate the remainder when 178 is divided by 4/(-50) + (-9)/(d/1885).
13
Let a = 264 - 261. Suppose 2*t - 90 = -a*t. What is the remainder when 24 is divided by t?
6
Let w = 17 - -13. Let n = 48 + w. What is the remainder when n is divided by 28?
22
Suppose 2*w + 4*b - 16 = 0, 2*b + 72 = 9*w - 5*w. Suppose 2*c + 10 = 0, 695 = -2*i + 7*i + c. Calculate the remainder when i is divided by w.
12
Suppose 21*b = 14*b + 140. Let g(x) = 7 - 19 - 2 - b*x + 8. Calculate the remainder when g(-8) is divided by 39.
37
Let p(x) = x**3 + 24*x**2 - 58*x - 123. Calculate the remainder when 527 is divided by p(-26).
32
Suppose 0 = -2*l + 169 - 161. Suppose -80 = -4*s - 4*p, 39 = 3*s + l*p - 18. Calculate the remainder when 2*(-1)/(-2)*113 is divided by s.
21
Suppose 5*q = 259 + 46. Let h be (-3 + 129)/2 + 3. What is the remainder when q is divided by 55/h + -1 + (-187)/(-6)?
30
Let d(v) = 16*v + 15. Let p be d(6). Let s = -97 + p. What is the remainder when 37 is divided by s?
9
Let o(n) = -5*n + 37. Let g(r) = 2*r**3 - r**2 - 2*r + 1. What is the remainder when o(2) is divided by g(2)?
0
Calculate the remainder when 656 is divided by (-393)/(-4)*(5 - 44/12).
1
Let p be (5/15)/((-2)/24). Let v(t) = 7*t**2 - 2. Let a be v(p). Suppose -3*h + 91 + a = 0. Calculate the remainder when h is divided by 17.
16
Let l = 21287 + -21239. What is the remainder when 496 is divided by l?
16
Let s be ((-2)/3 + (-39)/(-18))*6. Suppose 113 = s*c - 157. What is the remainder when 39/(-1 - (-8)/6) is divided by c?
27
Let g = 20 + -10. Let l(x) = 2*x**2 + 20*x + 32. Let c be l(-8). Suppose c = -11*j + g*j + 8. What is the remainder when 30 is divided by j?
6
Let w = -14297 + 14331. What is the remainder when 8020 is divided by w?
30
Let h(n) be the first derivative of 17*n**3/3 - 2*n**2 + 2*n - 29. Calculate the remainder when h(1) is divided by (-54)/(-7) - 10/(-35).
7
Suppose 3*k = -4*d + 77, 9*k + 77 = 5*d + 10*k. What is the remainder when 213 is divided by d?
3
Let t be (3 - 2)*(15 + -2). Suppose t*y - 3*y - 390 = 0. Suppose -y*s + 38*s = -132. Calculate the remainder when s is divided by 35.
27
Let j(s) = -s**2 - 11*s - 1. Suppose -3*n - 2*q - 9 = 15, -5*n + 2*q = 40. Suppose -172*d + 159*d + 884 = 0. Calculate the remainder when d is divided by j(n).
22
Let c(z) = 2*z**3 - 31*z**2 + 3*z - 186. What is the remainder when 2713 is divided by c(16)?
117
Suppose -104*g + 297 + 378 = -261. What is the remainder when 688 is divided by g?
4
Suppose 3*w - 320 = -w. Suppose 5*j - 12 = 9*j. What is the remainder when w - 4 - j/3*0 is divided by 40?
36
What is the remainder when 29 is divided by ((-2)/(-4))/((306/(-540))/(-17))?
14
Let o = -44673 - -48272. What is the remainder when o is divided by 100?
99
What is the remainder when 132 is divided by ((-3)/(-9))/(25553/4257 - 6)?
3
Suppose -u + 13 = s - 14, -5*s + 162 = -4*u. Calculate the remainder when 569 is divided by s.
29
Let w(v) = -v**3 + v**2 + v + 10. Suppose -15*y + 7803 - 7548 = 0. Calculate the remainder when y is divided by w(0).
7
Let c be (55/(-33))/((-1)/102). Let u = -116 + c. What is the remainder when u is divided by 11?
10
Let f = -3562 + 3907. Calculate the remainder when f is divided by 88.
81
Let k be 2/(-14) + 1760/560. Suppose -4*c - 32 = -4*w, -k*w - 7*c + 32 = -2*c. What is the remainder when 107 is divided by w?
8
Suppose 0*m = 4*m - 68. Let t(o) = -2*o**3 - 6*o**2 + 3*o + 12. Let k = -150 - -146. What is the remainder when t(k) is divided by m?
15
Suppose t - 2*t - 4*z + 36 = 0, 3*z - 118 = -4*t. Suppose -192 = -4*f - t. Calculate the remainder when 449 is divided by f.
39
Suppose -5*s + 125 = -b, 0 = -3*b - 2*b + 25. Suppose 4*m + 2*q = 188, 0 = m + 5*q - 33 - 32. Calculate the remainder when m is divided by s.
19
Let n = -164 - -338. Suppose -n = 5*f + 341. Let i = f - -150. What is the remainder when i is divided by 12?
11
Suppose -200 = 14*y - 4*y. Let j(t) = -t**2 - 19*t + 25. Calculate the remainder when j(y) is divided by 1.
0
Let i(v) be the third derivative of v**5/10 + v**4/2 - 14*v**3/3 - 214*v**2. Calculate the remainder when i(3) is divided by 4.
2
What is the remainder when 1896/(-32)*(-56)/(-21)*(-3)/2 is divided by 112?
13
What is the remainder when 455 is divided by 439 + (2 - (9 + (-7 - 6)))?
10
Suppose 44*d + 1286 = 4410. Let i = 31 - 4. What is the remainder when d is divided by i?
17
Suppose 34 + 28904 = 106*r. Calculate the remainder when 2992 is divided by r.
262
Let i be (-42)/10 - (-6)/30. Calculate the remainder when (-278)/(-6) - 50/(-75) is divided by 57/11 + i/22.
2
Suppose 0*a + 0*a = -3*a. Suppose 2*x - 56 = -s - 6, a = -x - 4*s + 25. What is the remainder when 44 is divided by x?
19
Let u(k) = -1789*k - 6775. Let i = 5 - -19. Calculate the remainder when u(-4) is divided by i.
21
Suppose 20*g - 29*g = 2403. Let y = 296 + g. What is the remainder when 28*4 + (3 - 0) is divided by y?
28
Suppose 0 = -2*p + 4 + 2. Suppose 5*v - i + 5*i = 108, -i - p = 0. What is the remainder when (v + -1)/(-8 + 9) is divided by 13?
10
Let d(g) = g**3 - 66*g**2 + 603*g + 117. What is the remainder when 93 is divided by d(55)?
2
What is the remainder when 308 is divided by (-1530)/(-16) + 42/112?
20
Suppose -210*s + 799 = -5291. Calculate the remainder when 121 is divided by s.
5
Suppose 5*r - 635 = 5*c, -10*c - 111 = -r - 13*c. Calculate the remainder when 4550 is divided by r.
122
Suppose 0 = -7*s + 5 - 5. Let q(o) = 4 + 83*o - 13 + s. Calculate the remainder when q(1) is divided by 26.
22
Let w be (12/(-16))/(21/56). Let d = w + 32. Calculate the remainder when d is divided by 20.
10
Let a = 165 - 212. Let l = -33 - a. Calculate the remainder when 111 is divided by l.
13
Suppose 224*o = 10885 + 10171. Calculate the remainder when 855 is divided by o.
9
Let h = 21915 - 21714. What is the remainder when 3809 is divided by h?
191
Suppose -3*t + 72 + 30 = 0. Let q(c) = -c - 3 + 2*c**3 - 5 - 16*c**2 + 50*c**2. Calculate the remainder when t is divided by q(-17).
7
Suppose -1925 = -12*d + 1567. Suppose -18 = 7*n - d. What is the remainder when 310 is divided by n?
37
Let r(i) = i**3 - 13*i**2 + 23*i - 37. Let g be r(15). Let u = g - 448. Calculate the remainder when u is divided by 26.
24
Calculate the remainder when 1447 is divided by (-1196)/(-24)*(12/(-5))/((-4)/10).
251
What is the remainder when ((-32)/(-7))/16 + (-3648)/(-21) is divided by 44?
42
Suppose -36*g + 4139 = -3479 - 4298. What